{"id":121,"date":"2025-05-30T12:41:54","date_gmt":"2025-05-30T10:41:54","guid":{"rendered":"https:\/\/anartist.org\/artista\/birch\/?page_id=121"},"modified":"2025-06-04T16:41:21","modified_gmt":"2025-06-04T14:41:21","slug":"agraiments","status":"publish","type":"page","link":"https:\/\/anartist.org\/artista\/birch\/agraiments\/","title":{"rendered":"Agra\u00efments"},"content":{"rendered":"\n<div class=\"wp-block-cover alignfull is-light has-contrast-color has-text-color has-link-color wp-elements-39ba08f85efed077e622c1fa7bf7d55b\" style=\"margin-top:0;margin-bottom:0;padding-top:var(--wp--preset--spacing--60);padding-right:var(--wp--preset--spacing--50);padding-bottom:var(--wp--preset--spacing--60);padding-left:var(--wp--preset--spacing--50)\"><span aria-hidden=\"true\" class=\"wp-block-cover__background has-base-background-color has-background-dim-100 has-background-dim\"><\/span><div class=\"wp-block-cover__inner-container has-global-padding is-layout-constrained wp-container-core-cover-is-layout-873ee6b1 wp-block-cover-is-layout-constrained\">\n<div class=\"wp-block-columns alignwide is-layout-flex wp-container-core-columns-is-layout-7ee84d44 wp-block-columns-is-layout-flex\">\n<div class=\"wp-block-column is-layout-flow wp-container-core-column-is-layout-92c44e9e wp-block-column-is-layout-flow\" style=\"padding-top:0;padding-bottom:0;flex-basis:65%\">\n<div class=\"wp-block-group is-vertical is-content-justification-stretch is-layout-flex wp-container-core-group-is-layout-353c4f5a wp-block-group-is-layout-flex\">\n<p>Si b\u00e9, per una convenci\u00f3 social quelcom grotesca i extractivista, \u00e9s freq\u00fcent que un \u00e0lbum -com la immensa majoria  de produccions culturals- l&#8217;acabi signant una persona, qualsevol sap que \u00e9s el resultat d&#8217;una feina col\u00b7lectiva i coral impressionant. I tot i que sembla una obvietat, cal insistir-hi, perqu\u00e8 la nostra cultura t\u00e9 una obsessi\u00f3 amb els noms propis. Tant \u00e9s aix\u00ed que, en l&#8217;esfor\u00e7 per explicar que <em>aquesta ha estat una feina conjunta<\/em>, el primer que fem \u00e9s escriure una llista de noms propis.<\/p>\n\n\n\n<p>La llista que hi ha a continuaci\u00f3, doncs, respon al costum de donar cr\u00e8dit als noms propis i, per tant, \u00e9s insuficient, parcel\u00b7l\u00e0ria de la realitat i conservadora. L&#8217;\u00fanic testimoni ver\u00eddic d&#8217;aquest proc\u00e9s, a banda de mem\u00f2ries que no tenen cabuda aqu\u00ed, \u00e9s <em>Edge of Time<\/em> en si mateix, el que ha esdevingut, que, efectivament, \u00e9s fruit d&#8217;incomptables aportacions i intercanvis, molts m\u00e9s dels que podr\u00e9 enumerar.<\/p>\n\n\n\n<p>De qualsevol manera, vull expressar el meu agra\u00efment a <strong>Aina Febrer, Aitana P\u00e9rez, Albert Planas, Alexis Rossell, \u00c1ngela Soler, Aniol Bestit, Benjam\u00edn Aedo, Camille Irrgang, Carles Lizondo, Checo Badillo, David Flores, D\u00eddak Fern\u00e1ndez, Elena Bianchi, Emili Puig, Gemma Barricarte, Hugo Abad, Irene Romo, Isaura Pereira, Iva Mareva, Javier Botella, Kevin Buckland, La(s) Lenteja(s), L\u00eddia Pujol, Magda Polo, Marc Vilajuana, Maria Marcet, Maria Rosa Pons, Marta Cardona, Mart\u00ed Sol\u00e9, Noah Buczcowska, Pau Figueres, Xavi Lozano, \u00darsula Amarg\u00f3s<\/strong>.<\/p>\n\n\n\n<p class=\"has-medium-font-size\" style=\"padding-top:var(--wp--preset--spacing--20);padding-bottom:var(--wp--preset--spacing--20)\">Gr\u00e0cies a totes les que hem compartit assemblea al llarg d&#8217;aquests anys i a totes les que lluiteu per una vida que valgui la pena viure.<\/p>\n\n\n\n<p class=\"has-medium-font-size\" style=\"padding-top:var(--wp--preset--spacing--20);padding-bottom:var(--wp--preset--spacing--20)\">Gr\u00e0cies a la comunitat d&#8217;Anartist pel suport. Sense elles no existiria aquesta web.<\/p>\n<\/div>\n<\/div>\n\n\n\n<div class=\"wp-block-column is-layout-flow wp-block-column-is-layout-flow\" style=\"flex-basis:35%\">\n<div class=\"wp-block-group is-vertical is-content-justification-stretch is-nowrap is-layout-flex wp-container-core-group-is-layout-73b0033c wp-block-group-is-layout-flex\">\n<figure class=\"wp-block-image size-full is-resized\"><img loading=\"lazy\" decoding=\"async\" width=\"1638\" height=\"2048\" src=\"https:\/\/anartist.org\/artista\/birch\/wp-content\/uploads\/2025\/05\/DSC2660-72.jpg\" alt=\"\" class=\"wp-image-122\" style=\"aspect-ratio:0.75;object-fit:cover;width:430px;height:auto\" srcset=\"https:\/\/anartist.org\/artista\/birch\/wp-content\/uploads\/2025\/05\/DSC2660-72.jpg 1638w, https:\/\/anartist.org\/artista\/birch\/wp-content\/uploads\/2025\/05\/DSC2660-72-240x300.jpg 240w, https:\/\/anartist.org\/artista\/birch\/wp-content\/uploads\/2025\/05\/DSC2660-72-819x1024.jpg 819w, https:\/\/anartist.org\/artista\/birch\/wp-content\/uploads\/2025\/05\/DSC2660-72-768x960.jpg 768w, https:\/\/anartist.org\/artista\/birch\/wp-content\/uploads\/2025\/05\/DSC2660-72-1229x1536.jpg 1229w\" sizes=\"auto, (max-width: 1638px) 100vw, 1638px\" \/><\/figure>\n<\/div>\n<\/div>\n<\/div>\n<\/div><\/div>\n\n\n\n<p><\/p>\n","protected":false},"excerpt":{"rendered":"","protected":false},"author":1,"featured_media":0,"parent":0,"menu_order":0,"comment_status":"closed","ping_status":"closed","template":"","meta":{"footnotes":""},"class_list":["post-121","page","type-page","status-publish","hentry"],"_links":{"self":[{"href":"https:\/\/anartist.org\/artista\/birch\/wp-json\/wp\/v2\/pages\/121","targetHints":{"allow":["GET"]}}],"collection":[{"href":"https:\/\/anartist.org\/artista\/birch\/wp-json\/wp\/v2\/pages"}],"about":[{"href":"https:\/\/anartist.org\/artista\/birch\/wp-json\/wp\/v2\/types\/page"}],"author":[{"embeddable":true,"href":"https:\/\/anartist.org\/artista\/birch\/wp-json\/wp\/v2\/users\/1"}],"replies":[{"embeddable":true,"href":"https:\/\/anartist.org\/artista\/birch\/wp-json\/wp\/v2\/comments?post=121"}],"version-history":[{"count":5,"href":"https:\/\/anartist.org\/artista\/birch\/wp-json\/wp\/v2\/pages\/121\/revisions"}],"predecessor-version":[{"id":232,"href":"https:\/\/anartist.org\/artista\/birch\/wp-json\/wp\/v2\/pages\/121\/revisions\/232"}],"wp:attachment":[{"href":"https:\/\/anartist.org\/artista\/birch\/wp-json\/wp\/v2\/media?parent=121"}],"curies":[{"name":"wp","href":"https:\/\/api.w.org\/{rel}","templated":true}]}}

Agraïments

<div class="wp-block-cover alignfull is-light has-contrast-color has-text-color has-link-color wp-elements-39ba08f85efed077e622c1fa7bf7d55b" style="margin-top:0;margin-bottom:0;padding-top:var(--wp--preset--spacing--60);padding-right:var(--wp--preset--spacing--50);padding-bottom:var(--wp--preset--spacing--60);padding-left:var(--wp--preset--spacing--50)"><span aria-hidden="true" class="wp-block-cover__background has-base-background-color has-background-dim-100 has-background-dim"></span><div class="wp-block-cover__inner-container has-global-padding is-layout-constrained wp-container-core-cover-is-layout-873ee6b1 wp-block-cover-is-layout-constrained">
<div class="wp-block-columns alignwide is-layout-flex wp-container-core-columns-is-layout-7ee84d44 wp-block-columns-is-layout-flex">
<div class="wp-block-column is-layout-flow wp-container-core-column-is-layout-92c44e9e wp-block-column-is-layout-flow" style="padding-top:0;padding-bottom:0;flex-basis:65%">
<div class="wp-block-group is-vertical is-content-justification-stretch is-layout-flex wp-container-core-group-is-layout-353c4f5a wp-block-group-is-layout-flex">
<p>Si bé, per una convenció social quelcom grotesca i extractivista, és freqüent que un àlbum -com la immensa majoria  de produccions culturals- l&#8217;acabi signant una persona, qualsevol sap que és el resultat d&#8217;una feina col·lectiva i coral impressionant. I tot i que sembla una obvietat, cal insistir-hi, perquè la nostra cultura té una obsessió amb els noms propis. Tant és així que, en l&#8217;esforç per explicar que <em>aquesta ha estat una feina conjunta</em>, el primer que fem és escriure una llista de noms propis.</p>



<p>La llista que hi ha a continuació, doncs, respon al costum de donar crèdit als noms propis i, per tant, és insuficient, parcel·lària de la realitat i conservadora. L&#8217;únic testimoni verídic d&#8217;aquest procés, a banda de memòries que no tenen cabuda aquí, és <em>Edge of Time</em> en si mateix, el que ha esdevingut, que, efectivament, és fruit d&#8217;incomptables aportacions i intercanvis, molts més dels que podré enumerar.</p>



<p>De qualsevol manera, vull expressar el meu agraïment a <strong>Aina Febrer, Aitana Pérez, Albert Planas, Alexis Rossell, Ángela Soler, Aniol Bestit, Benjamín Aedo, Camille Irrgang, Carles Lizondo, Checo Badillo, David Flores, Dídak Fernández, Elena Bianchi, Emili Puig, Gemma Barricarte, Hugo Abad, Irene Romo, Isaura Pereira, Iva Mareva, Javier Botella, Kevin Buckland, La(s) Lenteja(s), Lídia Pujol, Magda Polo, Marc Vilajuana, Maria Marcet, Maria Rosa Pons, Marta Cardona, Martí Solé, Noah Buczcowska, Pau Figueres, Xavi Lozano, Úrsula Amargós</strong>.</p>



<p class="has-medium-font-size" style="padding-top:var(--wp--preset--spacing--20);padding-bottom:var(--wp--preset--spacing--20)">Gràcies a totes les que hem compartit assemblea al llarg d&#8217;aquests anys i a totes les que lluiteu per una vida que valgui la pena viure.</p>



<p class="has-medium-font-size" style="padding-top:var(--wp--preset--spacing--20);padding-bottom:var(--wp--preset--spacing--20)">Gràcies a la comunitat d&#8217;Anartist pel suport. Sense elles no existiria aquesta web.</p>
</div>
</div>



<div class="wp-block-column is-layout-flow wp-block-column-is-layout-flow" style="flex-basis:35%">
<div class="wp-block-group is-vertical is-content-justification-stretch is-nowrap is-layout-flex wp-container-core-group-is-layout-73b0033c wp-block-group-is-layout-flex">
<figure class="wp-block-image size-full is-resized"><img loading="lazy" decoding="async" width="1638" height="2048" src="https://anartist.org/artista/birch/wp-content/uploads/2025/05/DSC2660-72.jpg" alt="" class="wp-image-122" style="aspect-ratio:0.75;object-fit:cover;width:430px;height:auto" srcset="https://anartist.org/artista/birch/wp-content/uploads/2025/05/DSC2660-72.jpg 1638w, https://anartist.org/artista/birch/wp-content/uploads/2025/05/DSC2660-72-240x300.jpg 240w, https://anartist.org/artista/birch/wp-content/uploads/2025/05/DSC2660-72-819x1024.jpg 819w, https://anartist.org/artista/birch/wp-content/uploads/2025/05/DSC2660-72-768x960.jpg 768w, https://anartist.org/artista/birch/wp-content/uploads/2025/05/DSC2660-72-1229x1536.jpg 1229w" sizes="auto, (max-width: 1638px) 100vw, 1638px" /></figure>
</div>
</div>
</div>
</div></div>



<p></p>
