{"id":21,"date":"2025-05-27T17:29:08","date_gmt":"2025-05-27T15:29:08","guid":{"rendered":"https:\/\/anartist.org\/artista\/birch\/?page_id=21"},"modified":"2025-05-30T18:16:52","modified_gmt":"2025-05-30T16:16:52","slug":"el-projecte","status":"publish","type":"page","link":"https:\/\/anartist.org\/artista\/birch\/el-projecte\/","title":{"rendered":"El projecte"},"content":{"rendered":"\n<div class=\"wp-block-group alignfull has-global-padding is-layout-constrained wp-block-group-is-layout-constrained\" style=\"margin-top:0;margin-bottom:0;padding-top:0;padding-bottom:0\">\n<div class=\"wp-block-group alignwide is-layout-grid wp-container-core-group-is-layout-5fdb10e5 wp-block-group-is-layout-grid\" style=\"padding-top:var(--wp--preset--spacing--50);padding-bottom:var(--wp--preset--spacing--50)\">\n<div class=\"wp-block-group is-vertical is-content-justification-stretch is-nowrap is-layout-flex wp-container-core-group-is-layout-627337ab wp-block-group-is-layout-flex\">\n<div class=\"wp-block-group is-vertical is-content-justification-left is-layout-flex wp-container-core-group-is-layout-214d3d4d wp-block-group-is-layout-flex\">\n<h2 class=\"wp-block-heading is-style-text-subtitle is-style-text-subtitle--1\" style=\"margin-right:var(--wp--preset--spacing--30);margin-left:var(--wp--preset--spacing--30)\">Travessem temps turbulents. Estranys. Extremadament complexos.<\/h2>\n\n\n\n<p class=\"has-text-align-left has-medium-font-size\" style=\"margin-right:var(--wp--preset--spacing--30);margin-left:var(--wp--preset--spacing--30)\">El capitalisme industrial i les l\u00f2giques que l\u2019apuntalen han desencadenat una crisi ecosocial que amena\u00e7a amb socavar, al llarg d\u2019aquest segle, les condicions biomorfol\u00f2giques que sostenen gran part de la vida al nostre planeta. La urg\u00e8ncia d\u2019un canvi cultural \u00e9s indiscutible: fa falta transformar no nom\u00e9s les depend\u00e8ncies materials i energ\u00e8tiques de la civilitzaci\u00f3 ciberindustrial global, sin\u00f3 reorientar les nostres aspiracions i desitjos cap a satisfactors postfossilistes, postcapitalistes i arrelats al territori i a la Terra amb maj\u00fascules.<\/p>\n\n\n\n<p class=\"has-medium-font-size\" style=\"margin-right:var(--wp--preset--spacing--30);margin-left:var(--wp--preset--spacing--30)\">Davant d\u2019un repte de tal magnitud, aquest projecte es pregunta pel rol que podria tenir l\u2019art, i la m\u00fasica en concret, per provocar i accelerar processos de transformaci\u00f3 social profunds i radicals en aquesta direcci\u00f3. Un potencial que, tanmateix, es troba condicionat i limitat dr\u00e0sticament pels modes de producci\u00f3 i distribuci\u00f3 de m\u00fasica hegem\u00f2nics.<\/p>\n\n\n\n<p class=\"has-medium-font-size\" style=\"margin-top:0;margin-right:var(--wp--preset--spacing--30);margin-bottom:0;margin-left:var(--wp--preset--spacing--30)\">En un panorama musical saturat, mediat per la ind\u00fastria i les plataformes i marcat per la precarietat, les artistes ens veiem empeses a la competici\u00f3 per l\u2019atenci\u00f3 dels programadors, i a fer tot tipus de contorsions amb el simple objectiu de sostenir-nos a nosaltres mateixes. <strong>Quan el que est\u00e0 en joc \u00e9s el sosteniment el nostre mode de vida en conjunt, es torna insuportable que l\u2019energia creativa estigui segrestada d\u2019aquesta manera per l&#8217;engranatge (extractiu, productiu i immediatament destructiu) capitalista.<\/strong><\/p>\n\n\n\n<p class=\"has-medium-font-size\" style=\"margin-top:0;margin-right:var(--wp--preset--spacing--30);margin-bottom:0;margin-left:var(--wp--preset--spacing--30)\"><em>Edge of Time<\/em> \u00e9s el final d\u2019una etapa vital i, esperem, el principi d&#8217;una traject\u00f2ria de den\u00fancia d&#8217;aquest context cultural. Un context que ens empeny a espr\u00e9mer cont\u00ednuament la nostra creativitat individual, a convertir-nos en marca ambulant, a desitjar el nostre propi \u00e8xit i conformar-nos-hi. Que, per tant, no ens capacita per al tipus d&#8217;embrulls i pr\u00e0ctiques que calen per construir mons postcapitalistes, postfossilistes, despatriarcalitzats i decolonials.<\/p>\n<\/div>\n<\/div>\n\n\n\n<div class=\"wp-block-cover\"><img loading=\"lazy\" decoding=\"async\" width=\"1860\" height=\"2560\" class=\"wp-block-cover__image-background wp-image-35\" alt=\"\" src=\"https:\/\/anartist.org\/artista\/birch\/wp-content\/uploads\/2025\/05\/COLLAGE_BIRCH_v1-edited-1-scaled.jpg\" data-object-fit=\"cover\" srcset=\"https:\/\/anartist.org\/artista\/birch\/wp-content\/uploads\/2025\/05\/COLLAGE_BIRCH_v1-edited-1-scaled.jpg 1860w, https:\/\/anartist.org\/artista\/birch\/wp-content\/uploads\/2025\/05\/COLLAGE_BIRCH_v1-edited-1-218x300.jpg 218w, https:\/\/anartist.org\/artista\/birch\/wp-content\/uploads\/2025\/05\/COLLAGE_BIRCH_v1-edited-1-744x1024.jpg 744w, https:\/\/anartist.org\/artista\/birch\/wp-content\/uploads\/2025\/05\/COLLAGE_BIRCH_v1-edited-1-768x1057.jpg 768w, https:\/\/anartist.org\/artista\/birch\/wp-content\/uploads\/2025\/05\/COLLAGE_BIRCH_v1-edited-1-1116x1536.jpg 1116w\" sizes=\"auto, (max-width: 1860px) 100vw, 1860px\" \/><span aria-hidden=\"true\" class=\"wp-block-cover__background has-background-dim-0 has-background-dim\"><\/span><div class=\"wp-block-cover__inner-container is-layout-flow wp-block-cover-is-layout-flow\">\n<p class=\"has-text-align-center has-large-font-size\"><\/p>\n<\/div><\/div>\n\n\n\n<h3 class=\"wp-block-heading wp-container-content-5fd69529\" style=\"margin-right:var(--wp--preset--spacing--30);margin-left:var(--wp--preset--spacing--30)\">Per fer-ho cal desplegar i propagar altres maneres de pensar i fer. Cal estendre els espais d&#8217;intercanvi cultural desmonetitzats. Cal subvertir-ne els hegem\u00f2nics. I cal forjar aliances: entre artistes i creadores de diferents \u00e0mbits, amb el personal investigador, entre i amb els moviments socials, entre gent dissident i disconforme, entre territoris i entre esp\u00e8cies.<\/h3>\n\n\n\n<blockquote class=\"wp-block-quote has-large-font-size is-layout-flow wp-block-quote-is-layout-flow\">\n<h3 class=\"wp-block-heading has-text-color has-link-color has-x-large-font-size wp-elements-d0f3a31ec438679dc00190104e26f027 wp-container-content-69bc4bdf\" style=\"color:#36eeb4;margin-right:0;margin-left:0\">Aquesta tasca ja l&#8217;han comen\u00e7at moltes abans que nosaltres, per\u00f2 necessita m\u00e9s mans, m\u00e9s ments i m\u00e9s for\u00e7a. Esdevenir-ne part \u00e9s tan urgent com il\u00b7lusionant.<\/h3>\n<\/blockquote>\n<\/div>\n\n\n\n<div class=\"wp-block-group has-global-padding is-content-justification-right is-layout-constrained wp-container-core-group-is-layout-3afb25b4 wp-block-group-is-layout-constrained\" style=\"margin-top:0;margin-bottom:0\">\n<blockquote class=\"wp-block-quote is-style-plain is-layout-flow wp-block-quote-is-layout-flow is-style-plain--2\"><\/blockquote>\n<\/div>\n\n\n\n<div class=\"wp-block-cover alignfull\" style=\"min-height:371px;aspect-ratio:unset;\"><img loading=\"lazy\" decoding=\"async\" width=\"1024\" height=\"576\" class=\"wp-block-cover__image-background wp-image-54\" alt=\"\" src=\"https:\/\/anartist.org\/artista\/birch\/wp-content\/uploads\/2025\/05\/3_WHATFOR_CONCEPT_1-1-edited-1024x576.jpg\" data-object-fit=\"cover\" srcset=\"https:\/\/anartist.org\/artista\/birch\/wp-content\/uploads\/2025\/05\/3_WHATFOR_CONCEPT_1-1-edited-1024x576.jpg 1024w, https:\/\/anartist.org\/artista\/birch\/wp-content\/uploads\/2025\/05\/3_WHATFOR_CONCEPT_1-1-edited-300x169.jpg 300w, https:\/\/anartist.org\/artista\/birch\/wp-content\/uploads\/2025\/05\/3_WHATFOR_CONCEPT_1-1-edited-768x432.jpg 768w, https:\/\/anartist.org\/artista\/birch\/wp-content\/uploads\/2025\/05\/3_WHATFOR_CONCEPT_1-1-edited.jpg 1280w\" sizes=\"auto, (max-width: 1024px) 100vw, 1024px\" \/><span aria-hidden=\"true\" class=\"wp-block-cover__background has-background-dim-20 has-background-dim\"><\/span><div class=\"wp-block-cover__inner-container is-layout-flow wp-block-cover-is-layout-flow\">\n<p class=\"has-text-align-center has-large-font-size\"><\/p>\n<\/div><\/div>\n<\/div>\n","protected":false},"excerpt":{"rendered":"<p>Travessem temps turbulents. Estranys. Extremadament complexos. El capitalisme industrial i les l\u00f2giques que l\u2019apuntalen han desencadenat una crisi ecosocial que amena\u00e7a amb socavar, al llarg d\u2019aquest segle, les condicions biomorfol\u00f2giques que sostenen gran part de la vida al nostre planeta. La urg\u00e8ncia d\u2019un canvi cultural \u00e9s indiscutible: fa falta transformar no nom\u00e9s les depend\u00e8ncies materials [&hellip;]<\/p>\n","protected":false},"author":1,"featured_media":0,"parent":0,"menu_order":1,"comment_status":"closed","ping_status":"closed","template":"","meta":{"footnotes":""},"class_list":["post-21","page","type-page","status-publish","hentry"],"_links":{"self":[{"href":"https:\/\/anartist.org\/artista\/birch\/wp-json\/wp\/v2\/pages\/21","targetHints":{"allow":["GET"]}}],"collection":[{"href":"https:\/\/anartist.org\/artista\/birch\/wp-json\/wp\/v2\/pages"}],"about":[{"href":"https:\/\/anartist.org\/artista\/birch\/wp-json\/wp\/v2\/types\/page"}],"author":[{"embeddable":true,"href":"https:\/\/anartist.org\/artista\/birch\/wp-json\/wp\/v2\/users\/1"}],"replies":[{"embeddable":true,"href":"https:\/\/anartist.org\/artista\/birch\/wp-json\/wp\/v2\/comments?post=21"}],"version-history":[{"count":14,"href":"https:\/\/anartist.org\/artista\/birch\/wp-json\/wp\/v2\/pages\/21\/revisions"}],"predecessor-version":[{"id":204,"href":"https:\/\/anartist.org\/artista\/birch\/wp-json\/wp\/v2\/pages\/21\/revisions\/204"}],"wp:attachment":[{"href":"https:\/\/anartist.org\/artista\/birch\/wp-json\/wp\/v2\/media?parent=21"}],"curies":[{"name":"wp","href":"https:\/\/api.w.org\/{rel}","templated":true}]}}

<div class="wp-block-group alignfull has-global-padding is-layout-constrained wp-block-group-is-layout-constrained" style="margin-top:0;margin-bottom:0;padding-top:0;padding-bottom:0">
<div class="wp-block-group alignwide is-layout-grid wp-container-core-group-is-layout-5fdb10e5 wp-block-group-is-layout-grid" style="padding-top:var(--wp--preset--spacing--50);padding-bottom:var(--wp--preset--spacing--50)">
<div class="wp-block-group is-vertical is-content-justification-stretch is-nowrap is-layout-flex wp-container-core-group-is-layout-627337ab wp-block-group-is-layout-flex">
<div class="wp-block-group is-vertical is-content-justification-left is-layout-flex wp-container-core-group-is-layout-214d3d4d wp-block-group-is-layout-flex">
<h2 class="wp-block-heading is-style-text-subtitle is-style-text-subtitle--1" style="margin-right:var(--wp--preset--spacing--30);margin-left:var(--wp--preset--spacing--30)">Travessem temps turbulents. Estranys. Extremadament complexos.</h2>



<p class="has-text-align-left has-medium-font-size" style="margin-right:var(--wp--preset--spacing--30);margin-left:var(--wp--preset--spacing--30)">El capitalisme industrial i les lògiques que l’apuntalen han desencadenat una crisi ecosocial que amenaça amb socavar, al llarg d’aquest segle, les condicions biomorfològiques que sostenen gran part de la vida al nostre planeta. La urgència d’un canvi cultural és indiscutible: fa falta transformar no només les dependències materials i energètiques de la civilització ciberindustrial global, sinó reorientar les nostres aspiracions i desitjos cap a satisfactors postfossilistes, postcapitalistes i arrelats al territori i a la Terra amb majúscules.</p>



<p class="has-medium-font-size" style="margin-right:var(--wp--preset--spacing--30);margin-left:var(--wp--preset--spacing--30)">Davant d’un repte de tal magnitud, aquest projecte es pregunta pel rol que podria tenir l’art, i la música en concret, per provocar i accelerar processos de transformació social profunds i radicals en aquesta direcció. Un potencial que, tanmateix, es troba condicionat i limitat dràsticament pels modes de producció i distribució de música hegemònics.</p>



<p class="has-medium-font-size" style="margin-top:0;margin-right:var(--wp--preset--spacing--30);margin-bottom:0;margin-left:var(--wp--preset--spacing--30)">En un panorama musical saturat, mediat per la indústria i les plataformes i marcat per la precarietat, les artistes ens veiem empeses a la competició per l’atenció dels programadors, i a fer tot tipus de contorsions amb el simple objectiu de sostenir-nos a nosaltres mateixes. <strong>Quan el que està en joc és el sosteniment el nostre mode de vida en conjunt, es torna insuportable que l’energia creativa estigui segrestada d’aquesta manera per l&#8217;engranatge (extractiu, productiu i immediatament destructiu) capitalista.</strong></p>



<p class="has-medium-font-size" style="margin-top:0;margin-right:var(--wp--preset--spacing--30);margin-bottom:0;margin-left:var(--wp--preset--spacing--30)"><em>Edge of Time</em> és el final d’una etapa vital i, esperem, el principi d&#8217;una trajectòria de denúncia d&#8217;aquest context cultural. Un context que ens empeny a esprémer contínuament la nostra creativitat individual, a convertir-nos en marca ambulant, a desitjar el nostre propi èxit i conformar-nos-hi. Que, per tant, no ens capacita per al tipus d&#8217;embrulls i pràctiques que calen per construir mons postcapitalistes, postfossilistes, despatriarcalitzats i decolonials.</p>
</div>
</div>



<div class="wp-block-cover"><img loading="lazy" decoding="async" width="1860" height="2560" class="wp-block-cover__image-background wp-image-35" alt="" src="https://anartist.org/artista/birch/wp-content/uploads/2025/05/COLLAGE_BIRCH_v1-edited-1-scaled.jpg" data-object-fit="cover" srcset="https://anartist.org/artista/birch/wp-content/uploads/2025/05/COLLAGE_BIRCH_v1-edited-1-scaled.jpg 1860w, https://anartist.org/artista/birch/wp-content/uploads/2025/05/COLLAGE_BIRCH_v1-edited-1-218x300.jpg 218w, https://anartist.org/artista/birch/wp-content/uploads/2025/05/COLLAGE_BIRCH_v1-edited-1-744x1024.jpg 744w, https://anartist.org/artista/birch/wp-content/uploads/2025/05/COLLAGE_BIRCH_v1-edited-1-768x1057.jpg 768w, https://anartist.org/artista/birch/wp-content/uploads/2025/05/COLLAGE_BIRCH_v1-edited-1-1116x1536.jpg 1116w" sizes="auto, (max-width: 1860px) 100vw, 1860px" /><span aria-hidden="true" class="wp-block-cover__background has-background-dim-0 has-background-dim"></span><div class="wp-block-cover__inner-container is-layout-flow wp-block-cover-is-layout-flow">
<p class="has-text-align-center has-large-font-size"></p>
</div></div>



<h3 class="wp-block-heading wp-container-content-5fd69529" style="margin-right:var(--wp--preset--spacing--30);margin-left:var(--wp--preset--spacing--30)">Per fer-ho cal desplegar i propagar altres maneres de pensar i fer. Cal estendre els espais d&#8217;intercanvi cultural desmonetitzats. Cal subvertir-ne els hegemònics. I cal forjar aliances: entre artistes i creadores de diferents àmbits, amb el personal investigador, entre i amb els moviments socials, entre gent dissident i disconforme, entre territoris i entre espècies.</h3>



<blockquote class="wp-block-quote has-large-font-size is-layout-flow wp-block-quote-is-layout-flow">
<h3 class="wp-block-heading has-text-color has-link-color has-x-large-font-size wp-elements-d0f3a31ec438679dc00190104e26f027 wp-container-content-69bc4bdf" style="color:#36eeb4;margin-right:0;margin-left:0">Aquesta tasca ja l&#8217;han començat moltes abans que nosaltres, però necessita més mans, més ments i més força. Esdevenir-ne part és tan urgent com il·lusionant.</h3>
</blockquote>
</div>



<div class="wp-block-group has-global-padding is-content-justification-right is-layout-constrained wp-container-core-group-is-layout-3afb25b4 wp-block-group-is-layout-constrained" style="margin-top:0;margin-bottom:0">
<blockquote class="wp-block-quote is-style-plain is-layout-flow wp-block-quote-is-layout-flow is-style-plain--2"></blockquote>
</div>



<div class="wp-block-cover alignfull" style="min-height:371px;aspect-ratio:unset;"><img loading="lazy" decoding="async" width="1024" height="576" class="wp-block-cover__image-background wp-image-54" alt="" src="https://anartist.org/artista/birch/wp-content/uploads/2025/05/3_WHATFOR_CONCEPT_1-1-edited-1024x576.jpg" data-object-fit="cover" srcset="https://anartist.org/artista/birch/wp-content/uploads/2025/05/3_WHATFOR_CONCEPT_1-1-edited-1024x576.jpg 1024w, https://anartist.org/artista/birch/wp-content/uploads/2025/05/3_WHATFOR_CONCEPT_1-1-edited-300x169.jpg 300w, https://anartist.org/artista/birch/wp-content/uploads/2025/05/3_WHATFOR_CONCEPT_1-1-edited-768x432.jpg 768w, https://anartist.org/artista/birch/wp-content/uploads/2025/05/3_WHATFOR_CONCEPT_1-1-edited.jpg 1280w" sizes="auto, (max-width: 1024px) 100vw, 1024px" /><span aria-hidden="true" class="wp-block-cover__background has-background-dim-20 has-background-dim"></span><div class="wp-block-cover__inner-container is-layout-flow wp-block-cover-is-layout-flow">
<p class="has-text-align-center has-large-font-size"></p>
</div></div>
</div>

<p>Travessem temps turbulents. Estranys. Extremadament complexos. El capitalisme industrial i les lògiques que l’apuntalen han desencadenat una crisi ecosocial que amenaça amb socavar, al llarg d’aquest segle, les condicions biomorfològiques que sostenen gran part de la vida al nostre planeta. La urgència d’un canvi cultural és indiscutible: fa falta transformar no només les dependències materials [&hellip;]</p>
