{"id":40,"date":"2025-05-30T12:52:54","date_gmt":"2025-05-30T10:52:54","guid":{"rendered":"https:\/\/anartist.org\/artista\/birch\/?page_id=40"},"modified":"2025-06-12T17:16:43","modified_gmt":"2025-06-12T15:16:43","slug":"visuals","status":"publish","type":"page","link":"https:\/\/anartist.org\/artista\/birch\/visuals\/","title":{"rendered":"Visuals"},"content":{"rendered":"\n<div class=\"wp-block-cover alignfull is-light has-accent-1-color has-text-color has-link-color wp-elements-6601deb13745b2b53448e0a7b1eff04c\" style=\"margin-top:0;margin-bottom:0;padding-top:200px;padding-right:var(--wp--preset--spacing--50);padding-bottom:200px;padding-left:var(--wp--preset--spacing--50);min-height:460px;aspect-ratio:unset;\"><video class=\"wp-block-cover__video-background intrinsic-ignore\" autoplay muted loop playsinline src=\"https:\/\/anartist.org\/artista\/birch\/wp-content\/uploads\/2025\/05\/Lume_Captura-1.mp4\" data-object-fit=\"cover\"><\/video><span aria-hidden=\"true\" class=\"wp-block-cover__background has-base-background-color has-background-dim-0 has-background-dim\"><\/span><div class=\"wp-block-cover__inner-container has-global-padding is-layout-constrained wp-container-core-cover-is-layout-d47c59a2 wp-block-cover-is-layout-constrained\">\n<p class=\"has-text-align-center has-large-font-size\"><\/p>\n<\/div><\/div>\n\n\n\n<div class=\"wp-block-group alignfull is-style-default is-vertical is-layout-flex wp-container-core-group-is-layout-edec822f wp-block-group-is-layout-flex\" style=\"margin-top:0;margin-bottom:0;padding-top:var(--wp--preset--spacing--30);padding-right:var(--wp--preset--spacing--50);padding-bottom:var(--wp--preset--spacing--30);padding-left:var(--wp--preset--spacing--50)\">\n<p class=\"has-medium-font-size\" style=\"margin-right:var(--wp--preset--spacing--30);margin-left:var(--wp--preset--spacing--30)\">La proposta visual d&#8217;<em>Edge of Time <\/em>ha estat elaborada majorit\u00e0riament a partir de l&#8217;esc\u00e0ner de mat\u00e8ria org\u00e0nica i el seu tractament digital.<\/p>\n\n\n\n<p class=\"has-medium-font-size\" style=\"margin-right:var(--wp--preset--spacing--30);margin-left:var(--wp--preset--spacing--30)\">En sin\u00e8rgia amb l&#8217;estudi d&#8217;animaci\u00f3<strong> <a href=\"https:\/\/www.instagram.com\/catspyjammas\/\">Cat&#8217;s Pyjammas<\/a><\/strong>, hem explorat la composici\u00f3 de <em>collages <\/em>multiesp\u00e8cies com a via per imaginar formes d&#8217;ensamblatge i col\u00b7laboraci\u00f3 entre organismes en els temps convulsos que vindran.<\/p>\n<\/div>\n\n\n\n<div class=\"wp-block-group alignfull has-global-padding is-layout-constrained wp-block-group-is-layout-constrained\" style=\"margin-top:0;margin-bottom:0;padding-top:var(--wp--preset--spacing--30);padding-bottom:var(--wp--preset--spacing--30)\">\n<div class=\"wp-block-group alignwide is-layout-grid wp-container-core-group-is-layout-6840fe44 wp-block-group-is-layout-grid\">\n<div class=\"wp-block-group is-vertical is-content-justification-stretch is-layout-flex wp-container-core-group-is-layout-353c4f5a wp-block-group-is-layout-flex\">\n<div class=\"wp-block-cover is-light\"><img loading=\"lazy\" decoding=\"async\" width=\"744\" height=\"1024\" class=\"wp-block-cover__image-background wp-image-46 size-large\" alt=\"\" src=\"https:\/\/anartist.org\/artista\/birch\/wp-content\/uploads\/2025\/05\/ORG_3_BROWN_Plants002-744x1024.jpg\" data-object-fit=\"cover\" srcset=\"https:\/\/anartist.org\/artista\/birch\/wp-content\/uploads\/2025\/05\/ORG_3_BROWN_Plants002-744x1024.jpg 744w, https:\/\/anartist.org\/artista\/birch\/wp-content\/uploads\/2025\/05\/ORG_3_BROWN_Plants002-218x300.jpg 218w, https:\/\/anartist.org\/artista\/birch\/wp-content\/uploads\/2025\/05\/ORG_3_BROWN_Plants002-768x1057.jpg 768w, https:\/\/anartist.org\/artista\/birch\/wp-content\/uploads\/2025\/05\/ORG_3_BROWN_Plants002-1116x1536.jpg 1116w, https:\/\/anartist.org\/artista\/birch\/wp-content\/uploads\/2025\/05\/ORG_3_BROWN_Plants002-1488x2048.jpg 1488w, https:\/\/anartist.org\/artista\/birch\/wp-content\/uploads\/2025\/05\/ORG_3_BROWN_Plants002-scaled.jpg 1860w\" sizes=\"auto, (max-width: 744px) 100vw, 744px\" \/><span aria-hidden=\"true\" class=\"wp-block-cover__background has-background-dim-0 has-background-dim\" style=\"background-color:#dbdfdc\"><\/span><div class=\"wp-block-cover__inner-container has-global-padding is-layout-constrained wp-block-cover-is-layout-constrained\">\n<div style=\"height:var(--wp--preset--spacing--20)\" aria-hidden=\"true\" class=\"wp-block-spacer\"><\/div>\n<\/div><\/div>\n\n\n\n<div class=\"wp-block-cover is-light\"><img loading=\"lazy\" decoding=\"async\" width=\"744\" height=\"1024\" class=\"wp-block-cover__image-background wp-image-49 size-large\" alt=\"\" src=\"https:\/\/anartist.org\/artista\/birch\/wp-content\/uploads\/2025\/05\/ORG_3_GreenPlants001-744x1024.jpg\" data-object-fit=\"cover\" srcset=\"https:\/\/anartist.org\/artista\/birch\/wp-content\/uploads\/2025\/05\/ORG_3_GreenPlants001-744x1024.jpg 744w, https:\/\/anartist.org\/artista\/birch\/wp-content\/uploads\/2025\/05\/ORG_3_GreenPlants001-218x300.jpg 218w, https:\/\/anartist.org\/artista\/birch\/wp-content\/uploads\/2025\/05\/ORG_3_GreenPlants001-768x1057.jpg 768w, https:\/\/anartist.org\/artista\/birch\/wp-content\/uploads\/2025\/05\/ORG_3_GreenPlants001-1116x1536.jpg 1116w, https:\/\/anartist.org\/artista\/birch\/wp-content\/uploads\/2025\/05\/ORG_3_GreenPlants001-1488x2048.jpg 1488w, https:\/\/anartist.org\/artista\/birch\/wp-content\/uploads\/2025\/05\/ORG_3_GreenPlants001-scaled.jpg 1860w\" sizes=\"auto, (max-width: 744px) 100vw, 744px\" \/><span aria-hidden=\"true\" class=\"wp-block-cover__background has-background-dim-0 has-background-dim\" style=\"background-color:#f3f4f1\"><\/span><div class=\"wp-block-cover__inner-container has-global-padding is-layout-constrained wp-block-cover-is-layout-constrained\">\n<div style=\"height:var(--wp--preset--spacing--20)\" aria-hidden=\"true\" class=\"wp-block-spacer\"><\/div>\n<\/div><\/div>\n<\/div>\n\n\n\n<div class=\"wp-block-group is-vertical is-content-justification-stretch is-layout-flex wp-container-core-group-is-layout-353c4f5a wp-block-group-is-layout-flex\">\n<div class=\"wp-block-cover is-light has-custom-content-position is-position-top-center\"><img loading=\"lazy\" decoding=\"async\" width=\"10200\" height=\"14039\" class=\"wp-block-cover__image-background wp-image-44 size-full\" alt=\"\" src=\"https:\/\/anartist.org\/artista\/birch\/wp-content\/uploads\/2025\/05\/Cerbi_2_007.jpg\" data-object-fit=\"cover\"\/><span aria-hidden=\"true\" class=\"wp-block-cover__background has-background-dim-0 has-background-dim\" style=\"background-color:#828282\"><\/span><div class=\"wp-block-cover__inner-container has-global-padding is-layout-constrained wp-block-cover-is-layout-constrained\">\n<div style=\"height:var(--wp--preset--spacing--20)\" aria-hidden=\"true\" class=\"wp-block-spacer\"><\/div>\n<\/div><\/div>\n\n\n\n<div class=\"wp-block-cover is-light has-custom-content-position is-position-top-center\"><img loading=\"lazy\" decoding=\"async\" width=\"1860\" height=\"2560\" class=\"wp-block-cover__image-background wp-image-48 size-full\" alt=\"\" src=\"https:\/\/anartist.org\/artista\/birch\/wp-content\/uploads\/2025\/05\/ORG_3_BROWN_Plants001-scaled.jpg\" data-object-fit=\"cover\" srcset=\"https:\/\/anartist.org\/artista\/birch\/wp-content\/uploads\/2025\/05\/ORG_3_BROWN_Plants001-scaled.jpg 1860w, https:\/\/anartist.org\/artista\/birch\/wp-content\/uploads\/2025\/05\/ORG_3_BROWN_Plants001-218x300.jpg 218w, https:\/\/anartist.org\/artista\/birch\/wp-content\/uploads\/2025\/05\/ORG_3_BROWN_Plants001-744x1024.jpg 744w, https:\/\/anartist.org\/artista\/birch\/wp-content\/uploads\/2025\/05\/ORG_3_BROWN_Plants001-768x1057.jpg 768w, https:\/\/anartist.org\/artista\/birch\/wp-content\/uploads\/2025\/05\/ORG_3_BROWN_Plants001-1116x1536.jpg 1116w, https:\/\/anartist.org\/artista\/birch\/wp-content\/uploads\/2025\/05\/ORG_3_BROWN_Plants001-1488x2048.jpg 1488w\" sizes=\"auto, (max-width: 1860px) 100vw, 1860px\" \/><span aria-hidden=\"true\" class=\"wp-block-cover__background has-background-dim-0 has-background-dim\" style=\"background-color:#828282\"><\/span><div class=\"wp-block-cover__inner-container has-global-padding is-layout-constrained wp-block-cover-is-layout-constrained\">\n<div style=\"height:var(--wp--preset--spacing--20)\" aria-hidden=\"true\" class=\"wp-block-spacer\"><\/div>\n<\/div><\/div>\n<\/div>\n\n\n\n<div class=\"wp-block-group wp-container-content-7ed1b8cc is-vertical is-content-justification-stretch is-layout-flex wp-container-core-group-is-layout-353c4f5a wp-block-group-is-layout-flex\">\n<div class=\"wp-block-cover is-light\"><img loading=\"lazy\" decoding=\"async\" width=\"10200\" height=\"14039\" class=\"wp-block-cover__image-background wp-image-45 size-full\" alt=\"\" src=\"https:\/\/anartist.org\/artista\/birch\/wp-content\/uploads\/2025\/05\/Cerbi_2_005.jpg\" data-object-fit=\"cover\"\/><span aria-hidden=\"true\" class=\"wp-block-cover__background has-background-dim-0 has-background-dim\" style=\"background-color:#d6bc98\"><\/span><div class=\"wp-block-cover__inner-container has-global-padding is-layout-constrained wp-block-cover-is-layout-constrained\">\n<div style=\"height:var(--wp--preset--spacing--20)\" aria-hidden=\"true\" class=\"wp-block-spacer\"><\/div>\n<\/div><\/div>\n\n\n\n<div class=\"wp-block-cover is-light\"><img loading=\"lazy\" decoding=\"async\" width=\"1860\" height=\"2560\" class=\"wp-block-cover__image-background wp-image-47 size-full\" alt=\"\" src=\"https:\/\/anartist.org\/artista\/birch\/wp-content\/uploads\/2025\/05\/ORG_1_BEDOLL001-scaled.jpg\" data-object-fit=\"cover\" srcset=\"https:\/\/anartist.org\/artista\/birch\/wp-content\/uploads\/2025\/05\/ORG_1_BEDOLL001-scaled.jpg 1860w, https:\/\/anartist.org\/artista\/birch\/wp-content\/uploads\/2025\/05\/ORG_1_BEDOLL001-218x300.jpg 218w, https:\/\/anartist.org\/artista\/birch\/wp-content\/uploads\/2025\/05\/ORG_1_BEDOLL001-744x1024.jpg 744w, https:\/\/anartist.org\/artista\/birch\/wp-content\/uploads\/2025\/05\/ORG_1_BEDOLL001-768x1057.jpg 768w, https:\/\/anartist.org\/artista\/birch\/wp-content\/uploads\/2025\/05\/ORG_1_BEDOLL001-1116x1536.jpg 1116w, https:\/\/anartist.org\/artista\/birch\/wp-content\/uploads\/2025\/05\/ORG_1_BEDOLL001-1488x2048.jpg 1488w\" sizes=\"auto, (max-width: 1860px) 100vw, 1860px\" \/><span aria-hidden=\"true\" class=\"wp-block-cover__background has-background-dim-0 has-background-dim\" style=\"background-color:#d6bc98\"><\/span><div class=\"wp-block-cover__inner-container has-global-padding is-layout-constrained wp-block-cover-is-layout-constrained\">\n<div style=\"height:var(--wp--preset--spacing--20)\" aria-hidden=\"true\" class=\"wp-block-spacer\"><\/div>\n<\/div><\/div>\n<\/div>\n\n\n\n<div class=\"wp-block-cover is-light wp-duotone-unset-1\" style=\"min-height:100vh;aspect-ratio:unset;\"><img loading=\"lazy\" decoding=\"async\" width=\"1860\" height=\"2560\" class=\"wp-block-cover__image-background wp-image-81 size-full\" alt=\"\" src=\"https:\/\/anartist.org\/artista\/birch\/wp-content\/uploads\/2025\/05\/ORG_3_BROWN_Plants004-scaled.jpg\" data-object-fit=\"cover\" srcset=\"https:\/\/anartist.org\/artista\/birch\/wp-content\/uploads\/2025\/05\/ORG_3_BROWN_Plants004-scaled.jpg 1860w, https:\/\/anartist.org\/artista\/birch\/wp-content\/uploads\/2025\/05\/ORG_3_BROWN_Plants004-218x300.jpg 218w, https:\/\/anartist.org\/artista\/birch\/wp-content\/uploads\/2025\/05\/ORG_3_BROWN_Plants004-744x1024.jpg 744w, https:\/\/anartist.org\/artista\/birch\/wp-content\/uploads\/2025\/05\/ORG_3_BROWN_Plants004-768x1057.jpg 768w, https:\/\/anartist.org\/artista\/birch\/wp-content\/uploads\/2025\/05\/ORG_3_BROWN_Plants004-1116x1536.jpg 1116w, https:\/\/anartist.org\/artista\/birch\/wp-content\/uploads\/2025\/05\/ORG_3_BROWN_Plants004-1488x2048.jpg 1488w\" sizes=\"auto, (max-width: 1860px) 100vw, 1860px\" \/><span aria-hidden=\"true\" class=\"wp-block-cover__background has-background-dim-0 has-background-dim\" style=\"background-color:#d6bc98\"><\/span><div class=\"wp-block-cover__inner-container has-global-padding is-layout-constrained wp-block-cover-is-layout-constrained\">\n<div style=\"height:var(--wp--preset--spacing--20)\" aria-hidden=\"true\" class=\"wp-block-spacer\"><\/div>\n<\/div><\/div>\n<\/div>\n<\/div>\n\n\n\n<div class=\"wp-block-group alignwide is-layout-flow wp-block-group-is-layout-flow\" style=\"margin-top:var(--wp--preset--spacing--60);margin-bottom:var(--wp--preset--spacing--60)\">\n<p class=\"has-medium-font-size\">Les mostres han estat tractades i animades amb t\u00e8cniques manuals i digitals.<\/p>\n<\/div>\n\n\n\n<div class=\"wp-block-group alignwide has-global-padding is-layout-constrained wp-block-group-is-layout-constrained\" style=\"margin-top:0;margin-bottom:0;padding-top:0;padding-bottom:0\">\n<div class=\"wp-block-group alignwide is-layout-grid wp-container-core-group-is-layout-21f393a4 wp-block-group-is-layout-grid\">\n<figure class=\"wp-block-image size-full\"><img loading=\"lazy\" decoding=\"async\" width=\"1715\" height=\"1715\" src=\"https:\/\/anartist.org\/artista\/birch\/wp-content\/uploads\/2025\/05\/EoT_Single_Portada-edited-1.png\" alt=\"\" class=\"wp-image-43\" style=\"aspect-ratio:1;object-fit:cover\" srcset=\"https:\/\/anartist.org\/artista\/birch\/wp-content\/uploads\/2025\/05\/EoT_Single_Portada-edited-1.png 1715w, https:\/\/anartist.org\/artista\/birch\/wp-content\/uploads\/2025\/05\/EoT_Single_Portada-edited-1-300x300.png 300w, https:\/\/anartist.org\/artista\/birch\/wp-content\/uploads\/2025\/05\/EoT_Single_Portada-edited-1-1024x1024.png 1024w, https:\/\/anartist.org\/artista\/birch\/wp-content\/uploads\/2025\/05\/EoT_Single_Portada-edited-1-150x150.png 150w, https:\/\/anartist.org\/artista\/birch\/wp-content\/uploads\/2025\/05\/EoT_Single_Portada-edited-1-768x768.png 768w, https:\/\/anartist.org\/artista\/birch\/wp-content\/uploads\/2025\/05\/EoT_Single_Portada-edited-1-1536x1536.png 1536w\" sizes=\"auto, (max-width: 1715px) 100vw, 1715px\" \/><\/figure>\n\n\n\n<figure class=\"wp-block-image size-full wp-container-content-79286276\"><img loading=\"lazy\" decoding=\"async\" width=\"10200\" height=\"14039\" src=\"https:\/\/anartist.org\/artista\/birch\/wp-content\/uploads\/2025\/05\/EOT_COLLAGE_V02.jpg\" alt=\"\" class=\"wp-image-50\" style=\"aspect-ratio:1;object-fit:cover\"\/><\/figure>\n\n\n\n<figure class=\"wp-block-image size-full\"><img loading=\"lazy\" decoding=\"async\" width=\"1920\" height=\"1080\" src=\"https:\/\/anartist.org\/artista\/birch\/wp-content\/uploads\/2025\/05\/Captura-de-pantalla-166.png\" alt=\"\" class=\"wp-image-72\" style=\"aspect-ratio:1;object-fit:cover\" srcset=\"https:\/\/anartist.org\/artista\/birch\/wp-content\/uploads\/2025\/05\/Captura-de-pantalla-166.png 1920w, https:\/\/anartist.org\/artista\/birch\/wp-content\/uploads\/2025\/05\/Captura-de-pantalla-166-300x169.png 300w, https:\/\/anartist.org\/artista\/birch\/wp-content\/uploads\/2025\/05\/Captura-de-pantalla-166-1024x576.png 1024w, https:\/\/anartist.org\/artista\/birch\/wp-content\/uploads\/2025\/05\/Captura-de-pantalla-166-768x432.png 768w, https:\/\/anartist.org\/artista\/birch\/wp-content\/uploads\/2025\/05\/Captura-de-pantalla-166-1536x864.png 1536w\" sizes=\"auto, (max-width: 1920px) 100vw, 1920px\" \/><\/figure>\n\n\n\n<figure class=\"wp-block-image size-full\"><img loading=\"lazy\" decoding=\"async\" width=\"1920\" height=\"1080\" src=\"https:\/\/anartist.org\/artista\/birch\/wp-content\/uploads\/2025\/05\/Captura-de-pantalla-165.png\" alt=\"\" class=\"wp-image-71\" style=\"aspect-ratio:1;object-fit:cover\" srcset=\"https:\/\/anartist.org\/artista\/birch\/wp-content\/uploads\/2025\/05\/Captura-de-pantalla-165.png 1920w, https:\/\/anartist.org\/artista\/birch\/wp-content\/uploads\/2025\/05\/Captura-de-pantalla-165-300x169.png 300w, https:\/\/anartist.org\/artista\/birch\/wp-content\/uploads\/2025\/05\/Captura-de-pantalla-165-1024x576.png 1024w, https:\/\/anartist.org\/artista\/birch\/wp-content\/uploads\/2025\/05\/Captura-de-pantalla-165-768x432.png 768w, https:\/\/anartist.org\/artista\/birch\/wp-content\/uploads\/2025\/05\/Captura-de-pantalla-165-1536x864.png 1536w\" sizes=\"auto, (max-width: 1920px) 100vw, 1920px\" \/><\/figure>\n\n\n\n<figure class=\"wp-block-image size-full\"><img loading=\"lazy\" decoding=\"async\" width=\"1920\" height=\"1080\" src=\"https:\/\/anartist.org\/artista\/birch\/wp-content\/uploads\/2025\/05\/Captura-de-pantalla-164.png\" alt=\"\" class=\"wp-image-70\" style=\"aspect-ratio:1;object-fit:cover\" srcset=\"https:\/\/anartist.org\/artista\/birch\/wp-content\/uploads\/2025\/05\/Captura-de-pantalla-164.png 1920w, https:\/\/anartist.org\/artista\/birch\/wp-content\/uploads\/2025\/05\/Captura-de-pantalla-164-300x169.png 300w, https:\/\/anartist.org\/artista\/birch\/wp-content\/uploads\/2025\/05\/Captura-de-pantalla-164-1024x576.png 1024w, https:\/\/anartist.org\/artista\/birch\/wp-content\/uploads\/2025\/05\/Captura-de-pantalla-164-768x432.png 768w, https:\/\/anartist.org\/artista\/birch\/wp-content\/uploads\/2025\/05\/Captura-de-pantalla-164-1536x864.png 1536w\" sizes=\"auto, (max-width: 1920px) 100vw, 1920px\" \/><\/figure>\n\n\n\n<figure class=\"wp-block-image size-full\"><img loading=\"lazy\" decoding=\"async\" width=\"1920\" height=\"1080\" src=\"https:\/\/anartist.org\/artista\/birch\/wp-content\/uploads\/2025\/05\/7_TERRAMULLADA_C_2.jpg\" alt=\"\" class=\"wp-image-51\" style=\"aspect-ratio:1;object-fit:cover\" srcset=\"https:\/\/anartist.org\/artista\/birch\/wp-content\/uploads\/2025\/05\/7_TERRAMULLADA_C_2.jpg 1920w, https:\/\/anartist.org\/artista\/birch\/wp-content\/uploads\/2025\/05\/7_TERRAMULLADA_C_2-300x169.jpg 300w, https:\/\/anartist.org\/artista\/birch\/wp-content\/uploads\/2025\/05\/7_TERRAMULLADA_C_2-1024x576.jpg 1024w, https:\/\/anartist.org\/artista\/birch\/wp-content\/uploads\/2025\/05\/7_TERRAMULLADA_C_2-768x432.jpg 768w, https:\/\/anartist.org\/artista\/birch\/wp-content\/uploads\/2025\/05\/7_TERRAMULLADA_C_2-1536x864.jpg 1536w\" sizes=\"auto, (max-width: 1920px) 100vw, 1920px\" \/><\/figure>\n\n\n\n<figure class=\"wp-block-image size-full\"><img loading=\"lazy\" decoding=\"async\" width=\"1280\" height=\"720\" src=\"https:\/\/anartist.org\/artista\/birch\/wp-content\/uploads\/2025\/05\/3_WHATFOR_CONCEPT_1-1-edited.jpg\" alt=\"\" class=\"wp-image-54\" style=\"aspect-ratio:1;object-fit:cover\" srcset=\"https:\/\/anartist.org\/artista\/birch\/wp-content\/uploads\/2025\/05\/3_WHATFOR_CONCEPT_1-1-edited.jpg 1280w, https:\/\/anartist.org\/artista\/birch\/wp-content\/uploads\/2025\/05\/3_WHATFOR_CONCEPT_1-1-edited-300x169.jpg 300w, https:\/\/anartist.org\/artista\/birch\/wp-content\/uploads\/2025\/05\/3_WHATFOR_CONCEPT_1-1-edited-1024x576.jpg 1024w, https:\/\/anartist.org\/artista\/birch\/wp-content\/uploads\/2025\/05\/3_WHATFOR_CONCEPT_1-1-edited-768x432.jpg 768w\" sizes=\"auto, (max-width: 1280px) 100vw, 1280px\" \/><\/figure>\n\n\n\n<figure class=\"wp-block-image size-full\"><img loading=\"lazy\" decoding=\"async\" width=\"1034\" height=\"1034\" src=\"https:\/\/anartist.org\/artista\/birch\/wp-content\/uploads\/2025\/05\/EOT_LUZENELPUERTO_E3_DEEP_SEA_V1-edited-1.jpg\" alt=\"\" class=\"wp-image-68\" style=\"aspect-ratio:1;object-fit:cover\" srcset=\"https:\/\/anartist.org\/artista\/birch\/wp-content\/uploads\/2025\/05\/EOT_LUZENELPUERTO_E3_DEEP_SEA_V1-edited-1.jpg 1034w, https:\/\/anartist.org\/artista\/birch\/wp-content\/uploads\/2025\/05\/EOT_LUZENELPUERTO_E3_DEEP_SEA_V1-edited-1-300x300.jpg 300w, https:\/\/anartist.org\/artista\/birch\/wp-content\/uploads\/2025\/05\/EOT_LUZENELPUERTO_E3_DEEP_SEA_V1-edited-1-1024x1024.jpg 1024w, https:\/\/anartist.org\/artista\/birch\/wp-content\/uploads\/2025\/05\/EOT_LUZENELPUERTO_E3_DEEP_SEA_V1-edited-1-150x150.jpg 150w, https:\/\/anartist.org\/artista\/birch\/wp-content\/uploads\/2025\/05\/EOT_LUZENELPUERTO_E3_DEEP_SEA_V1-edited-1-768x768.jpg 768w\" sizes=\"auto, (max-width: 1034px) 100vw, 1034px\" \/><\/figure>\n<\/div>\n\n\n\n<div class=\"wp-block-cover alignwide is-light\" style=\"margin-top:var(--wp--preset--spacing--40);margin-bottom:var(--wp--preset--spacing--40);min-height:441px;aspect-ratio:unset;\"><video class=\"wp-block-cover__video-background intrinsic-ignore\" autoplay muted loop playsinline src=\"https:\/\/anartist.org\/artista\/birch\/wp-content\/uploads\/2025\/05\/EOT_ANIM_BICHITO-online-video-cutter.com2_.mp4\" data-object-fit=\"cover\"><\/video><span aria-hidden=\"true\" class=\"wp-block-cover__background has-background-dim-0 has-background-dim\"><\/span><div class=\"wp-block-cover__inner-container is-layout-flow wp-block-cover-is-layout-flow\">\n<p class=\"has-text-align-center has-large-font-size\"><\/p>\n<\/div><\/div>\n\n\n\n<div class=\"wp-block-cover alignwide is-light\" style=\"margin-top:var(--wp--preset--spacing--40);margin-bottom:var(--wp--preset--spacing--40);padding-top:var(--wp--preset--spacing--20);padding-bottom:var(--wp--preset--spacing--20);min-height:495px;aspect-ratio:unset;\"><video class=\"wp-block-cover__video-background intrinsic-ignore\" autoplay muted loop playsinline src=\"https:\/\/anartist.org\/artista\/birch\/wp-content\/uploads\/2025\/05\/Ouverture_retall-1.mp4\" data-object-fit=\"cover\"><\/video><span aria-hidden=\"true\" class=\"wp-block-cover__background has-background-dim-0 has-background-dim\"><\/span><div class=\"wp-block-cover__inner-container is-layout-flow wp-block-cover-is-layout-flow\">\n<p class=\"has-text-align-center has-large-font-size\"><\/p>\n<\/div><\/div>\n\n\n\n<p>Art created by<\/p>\n\n\n\n<figure class=\"wp-block-image size-large is-resized\" style=\"margin-top:var(--wp--preset--spacing--20);margin-bottom:var(--wp--preset--spacing--20)\"><img loading=\"lazy\" decoding=\"async\" width=\"1024\" height=\"81\" src=\"https:\/\/anartist.org\/artista\/birch\/wp-content\/uploads\/2025\/05\/CATS_PYJAMMAS_VECTORIZED_WHITE-1024x81.png\" alt=\"\" class=\"wp-image-127\" style=\"width:392px;height:auto\" srcset=\"https:\/\/anartist.org\/artista\/birch\/wp-content\/uploads\/2025\/05\/CATS_PYJAMMAS_VECTORIZED_WHITE-1024x81.png 1024w, https:\/\/anartist.org\/artista\/birch\/wp-content\/uploads\/2025\/05\/CATS_PYJAMMAS_VECTORIZED_WHITE-300x24.png 300w, https:\/\/anartist.org\/artista\/birch\/wp-content\/uploads\/2025\/05\/CATS_PYJAMMAS_VECTORIZED_WHITE-768x60.png 768w, https:\/\/anartist.org\/artista\/birch\/wp-content\/uploads\/2025\/05\/CATS_PYJAMMAS_VECTORIZED_WHITE.png 1232w\" sizes=\"auto, (max-width: 1024px) 100vw, 1024px\" \/><\/figure>\n<\/div>\n\n\n\n<p><\/p>\n","protected":false},"excerpt":{"rendered":"<p>La proposta visual d&#8217;Edge of Time ha estat elaborada majorit\u00e0riament a partir de l&#8217;esc\u00e0ner de mat\u00e8ria org\u00e0nica i el seu tractament digital. En sin\u00e8rgia amb l&#8217;estudi d&#8217;animaci\u00f3 Cat&#8217;s Pyjammas, hem explorat la composici\u00f3 de collages multiesp\u00e8cies com a via per imaginar formes d&#8217;ensamblatge i col\u00b7laboraci\u00f3 entre organismes en els temps convulsos que vindran. Les mostres [&hellip;]<\/p>\n","protected":false},"author":1,"featured_media":0,"parent":0,"menu_order":0,"comment_status":"closed","ping_status":"closed","template":"","meta":{"footnotes":""},"class_list":["post-40","page","type-page","status-publish","hentry"],"_links":{"self":[{"href":"https:\/\/anartist.org\/artista\/birch\/wp-json\/wp\/v2\/pages\/40","targetHints":{"allow":["GET"]}}],"collection":[{"href":"https:\/\/anartist.org\/artista\/birch\/wp-json\/wp\/v2\/pages"}],"about":[{"href":"https:\/\/anartist.org\/artista\/birch\/wp-json\/wp\/v2\/types\/page"}],"author":[{"embeddable":true,"href":"https:\/\/anartist.org\/artista\/birch\/wp-json\/wp\/v2\/users\/1"}],"replies":[{"embeddable":true,"href":"https:\/\/anartist.org\/artista\/birch\/wp-json\/wp\/v2\/comments?post=40"}],"version-history":[{"count":13,"href":"https:\/\/anartist.org\/artista\/birch\/wp-json\/wp\/v2\/pages\/40\/revisions"}],"predecessor-version":[{"id":272,"href":"https:\/\/anartist.org\/artista\/birch\/wp-json\/wp\/v2\/pages\/40\/revisions\/272"}],"wp:attachment":[{"href":"https:\/\/anartist.org\/artista\/birch\/wp-json\/wp\/v2\/media?parent=40"}],"curies":[{"name":"wp","href":"https:\/\/api.w.org\/{rel}","templated":true}]}}